{"id":5265,"date":"2024-10-30T10:13:09","date_gmt":"2024-10-30T10:13:09","guid":{"rendered":"https:\/\/villaporcelaine.com\/?page_id=5265"},"modified":"2025-03-20T12:45:38","modified_gmt":"2025-03-20T12:45:38","slug":"balatoni-szallas-2","status":"publish","type":"page","link":"https:\/\/villaporcelaine.com\/?page_id=5265","title":{"rendered":"Kapcsolat"},"content":{"rendered":"\t\t<div data-elementor-type=\"wp-page\" data-elementor-id=\"5265\" class=\"elementor elementor-5265\">\n\t\t\t\t\t\t<section class=\"elementor-section elementor-top-section elementor-element elementor-element-2977c87c elementor-section-height-min-height cs-section-content-fullwidth cs-parallax-on-scroll cs_scroll_y_80 elementor-section-boxed elementor-section-height-default elementor-section-items-middle\" data-id=\"2977c87c\" data-element_type=\"section\" data-settings=\"{&quot;background_background&quot;:&quot;classic&quot;}\" data-cs-parallax-y=\"80\" style=\"background-image: none;\" data-cs-background-image=\"https:\/\/villaporcelaine.com\/wp-content\/uploads\/2023\/05\/IMG_0727.jpg\">\n\t\t\t\t\t\t\t<div class=\"elementor-background-overlay\"><\/div>\n\t\t\t\t\t\t\t<div class=\"elementor-container elementor-column-gap-no\">\n\t\t\t\t\t<div class=\"elementor-column elementor-col-100 elementor-top-column elementor-element elementor-element-784d8ad dark-color\" data-id=\"784d8ad\" data-element_type=\"column\">\n\t\t\t<div class=\"elementor-widget-wrap elementor-element-populated\">\n\t\t\t\t\t\t\t<\/div>\n\t\t<\/div>\n\t\t\t\t\t<\/div>\n\t\t<\/section>\n\t\t\t\t<section class=\"elementor-section elementor-top-section elementor-element elementor-element-02b5c4f elementor-section-content-middle cs-section-content-fullwidth cs-animation-small-offset elementor-section-boxed elementor-section-height-default elementor-section-height-default elementor-invisible\" data-id=\"02b5c4f\" data-element_type=\"section\" data-settings=\"{&quot;background_background&quot;:&quot;classic&quot;,&quot;animation&quot;:&quot;fadeInUp&quot;,&quot;animation_delay&quot;:200}\">\n\t\t\t\t\t\t<div class=\"elementor-container elementor-column-gap-no\">\n\t\t\t\t\t<div class=\"elementor-column elementor-col-66 elementor-top-column elementor-element elementor-element-1e73da8\" data-id=\"1e73da8\" data-element_type=\"column\">\n\t\t\t<div class=\"elementor-widget-wrap elementor-element-populated\">\n\t\t\t\t\t\t<div class=\"elementor-element elementor-element-46a0dbd elementor-widget elementor-widget-html\" data-id=\"46a0dbd\" data-element_type=\"widget\" data-widget_type=\"html.default\">\n\t\t\t\t<div class=\"elementor-widget-container\">\n\t\t\t\t\t<iframe src=\"https:\/\/www.google.com\/maps\/embed?pb=!1m18!1m12!1m3!1d626.3914050747726!2d17.24711895343609!3d46.763739231374885!2m3!1f0!2f0!3f0!3m2!1i1024!2i768!4f13.1!3m3!1m2!1s0x4768e2a6c696f66b%3A0xe1de0e57df3fd40c!2zS2VzenRoZWx5LCBFcnpzw6liZXQga2lyw6FseW7DqSDDunRqYSAzOCwgODM2MA!5e0!3m2!1shu!2shu!4v1706032315513!5m2!1shu!2shu\" width=\"600\" height=\"450\" style=\"border:0;\" allowfullscreen=\"\" loading=\"lazy\" referrerpolicy=\"no-referrer-when-downgrade\"><\/iframe>\t\t\t\t<\/div>\n\t\t\t\t<\/div>\n\t\t\t\t\t<\/div>\n\t\t<\/div>\n\t\t\t\t<div class=\"elementor-column elementor-col-33 elementor-top-column elementor-element elementor-element-202bc08\" data-id=\"202bc08\" data-element_type=\"column\">\n\t\t\t<div class=\"elementor-widget-wrap elementor-element-populated\">\n\t\t\t\t\t\t<div class=\"elementor-element elementor-element-b465dbf elementor-widget elementor-widget-cs_title\" data-id=\"b465dbf\" data-element_type=\"widget\" data-widget_type=\"cs_title.default\">\n\t\t\t\t<div class=\"elementor-widget-container\">\n\t\t\t\t\t\n        <div class=\"cs-title-wrap text-center\">\t            <h6 class=\"cs-title\">\n\t                Sz\u00e1ll\u00e1sfoglal\u00e1s\t            <\/h6>\t            <div class=\"cs-title-text\">\n\t                <p>M\u00e9g nem d\u00f6nt\u00f6tt\u00e9l?<\/p><p><span style=\"text-decoration: underline;\"><a href=\"https:\/\/villaporcelaine.com\/?page_id=1032\">N\u00e9zd meg lakoszt\u00e1lyainkat!<\/a><\/span><\/p><p>Ha k\u00e9rd\u00e9sed van, keress minket:<\/p><p>Email: <a href=\"mailto:info@villaporcelaine.com\">info@villaporcelaine.com<\/a><\/p><p><a href=\"tel:+36304549308\">+36 30 454 9308<\/a><\/p>\t            <\/div>        <\/div>\t\t\t\t<\/div>\n\t\t\t\t<\/div>\n\t\t\t\t<div class=\"elementor-element elementor-element-5cfcfe7c elementor-widget elementor-widget-cs_title\" data-id=\"5cfcfe7c\" data-element_type=\"widget\" data-widget_type=\"cs_title.default\">\n\t\t\t\t<div class=\"elementor-widget-container\">\n\t\t\t\t\t\n        <div class=\"cs-title-wrap text-center\">\t            <div class=\"cs-subtitle-wrap\"><span class=\"cs-subtitle\">A Villa c\u00edme<\/span><\/div>\t            <h6 class=\"cs-title\">\n\t                Villa Porcelaine\t            <\/h6>\t            <div class=\"cs-title-text\">\n\t                <p>Erzs\u00e9bet kir\u00e1lyn\u00e9 \u00fatja 38.<\/p><p>Keszthely<\/p><p>8360<\/p>\t            <\/div>        <\/div>\t\t\t\t<\/div>\n\t\t\t\t<\/div>\n\t\t\t\t<div class=\"elementor-element elementor-element-8604730 elementor-widget elementor-widget-cs_social\" data-id=\"8604730\" data-element_type=\"widget\" data-widget_type=\"cs_social.default\">\n\t\t\t\t<div class=\"elementor-widget-container\">\n\t\t\t\t\t<nav id=\"8604730-social-menu-container\" class=\"social-navigation\"><ul id=\"8604730-social-menu\" class=\"social-nav menu text-center\"><li class=\"menu-item menu-item-type-custom menu-item-object-custom menu-item-290\"><a href=\"https:\/\/www.facebook.com\/\">Facebook<\/a><\/li>\n<li class=\"menu-item menu-item-type-custom menu-item-object-custom menu-item-294\"><a href=\"https:\/\/www.instagram.com\/villa_porcelaine\/\">Instagram<\/a><\/li>\n<\/ul><\/nav>\t\t\t\t<\/div>\n\t\t\t\t<\/div>\n\t\t\t\t\t<\/div>\n\t\t<\/div>\n\t\t\t\t\t<\/div>\n\t\t<\/section>\n\t\t\t\t<section class=\"elementor-section elementor-top-section elementor-element elementor-element-ea82f95 elementor-section-content-middle cs-section-content-fullwidth cs-animation-small-offset elementor-reverse-tablet elementor-reverse-mobile elementor-section-boxed elementor-section-height-default elementor-section-height-default elementor-invisible\" data-id=\"ea82f95\" data-element_type=\"section\" data-settings=\"{&quot;background_background&quot;:&quot;classic&quot;,&quot;animation&quot;:&quot;fadeInUp&quot;,&quot;animation_delay&quot;:300}\">\n\t\t\t\t\t\t<div class=\"elementor-container elementor-column-gap-no\">\n\t\t\t\t\t<div class=\"elementor-column elementor-col-33 elementor-top-column elementor-element elementor-element-7032069\" data-id=\"7032069\" data-element_type=\"column\" data-settings=\"{&quot;background_background&quot;:&quot;classic&quot;}\">\n\t\t\t<div class=\"elementor-widget-wrap elementor-element-populated\">\n\t\t\t\t\t\t<div class=\"elementor-element elementor-element-be2bdf3 elementor-widget elementor-widget-cs_title\" data-id=\"be2bdf3\" data-element_type=\"widget\" data-widget_type=\"cs_title.default\">\n\t\t\t\t<div class=\"elementor-widget-container\">\n\t\t\t\t\t\n        <div class=\"cs-title-wrap text-center\">\t            <div class=\"cs-subtitle-wrap\"><span class=\"cs-subtitle\">\u00dczenetk\u00fcld\u00e9s<\/span><\/div>        <\/div>\t\t\t\t<\/div>\n\t\t\t\t<\/div>\n\t\t\t\t<div class=\"elementor-element elementor-element-7625b91 elementor-widget elementor-widget-cs_form_cf7\" data-id=\"7625b91\" data-element_type=\"widget\" data-widget_type=\"cs_form_cf7.default\">\n\t\t\t\t<div class=\"elementor-widget-container\">\n\t\t\t\t\t            <div class=\"cs-form-cf7 placeholder-normal\">\n                <div class=\"cs-form-cf7-wrap\">\n<div class=\"wpcf7 no-js\" id=\"wpcf7-f1722-o1\" lang=\"en-US\" dir=\"ltr\" data-wpcf7-id=\"1722\">\n<div class=\"screen-reader-response\"><p role=\"status\" aria-live=\"polite\" aria-atomic=\"true\"><\/p> <ul><\/ul><\/div>\n<form action=\"\/index.php?rest_route=%2Fwp%2Fv2%2Fpages%2F5265#wpcf7-f1722-o1\" method=\"post\" class=\"wpcf7-form init\" aria-label=\"Contact form\" novalidate=\"novalidate\" data-status=\"init\">\n<div style=\"display: none;\">\n<input type=\"hidden\" name=\"_wpcf7\" value=\"1722\" \/>\n<input type=\"hidden\" name=\"_wpcf7_version\" value=\"6.0.4\" \/>\n<input type=\"hidden\" name=\"_wpcf7_locale\" value=\"en_US\" \/>\n<input type=\"hidden\" name=\"_wpcf7_unit_tag\" value=\"wpcf7-f1722-o1\" \/>\n<input type=\"hidden\" name=\"_wpcf7_container_post\" value=\"0\" \/>\n<input type=\"hidden\" name=\"_wpcf7_posted_data_hash\" value=\"\" \/>\n<input type=\"hidden\" name=\"_wpcf7_recaptcha_response\" value=\"\" \/>\n<\/div>\n<p><label><span class=\"wpcf7-form-control-wrap\" data-name=\"your-name\"><input size=\"40\" maxlength=\"400\" class=\"wpcf7-form-control wpcf7-text wpcf7-validates-as-required\" autocomplete=\"name\" aria-required=\"true\" aria-invalid=\"false\" placeholder=\"N\u00e9v\" value=\"\" type=\"text\" name=\"your-name\" \/><\/span> <\/label>\n<\/p>\n<p><label><span class=\"wpcf7-form-control-wrap\" data-name=\"your-email\"><input size=\"40\" maxlength=\"400\" class=\"wpcf7-form-control wpcf7-email wpcf7-validates-as-required wpcf7-text wpcf7-validates-as-email\" autocomplete=\"email\" aria-required=\"true\" aria-invalid=\"false\" placeholder=\"Email\" value=\"\" type=\"email\" name=\"your-email\" \/><\/span> <\/label>\n<\/p>\n<p><label><span class=\"wpcf7-form-control-wrap\" data-name=\"your-message\"><textarea cols=\"40\" rows=\"10\" maxlength=\"2000\" class=\"wpcf7-form-control wpcf7-textarea\" aria-invalid=\"false\" placeholder=\"\u00dczenet\" name=\"your-message\"><\/textarea><\/span> <\/label>\n<\/p>\n<p><input class=\"wpcf7-form-control wpcf7-submit has-spinner\" type=\"submit\" value=\"\u00dczenet elk\u00fcld\u00e9se\" \/>\n<\/p><div class=\"wpcf7-response-output\" aria-hidden=\"true\"><\/div>\n<\/form>\n<\/div>\n<\/div>\n            <\/div>\t\t\t\t<\/div>\n\t\t\t\t<\/div>\n\t\t\t\t\t<\/div>\n\t\t<\/div>\n\t\t\t\t<div class=\"elementor-column elementor-col-66 elementor-top-column elementor-element elementor-element-7bcdc74\" data-id=\"7bcdc74\" data-element_type=\"column\" data-settings=\"{&quot;background_background&quot;:&quot;classic&quot;}\">\n\t\t\t<div class=\"elementor-widget-wrap elementor-element-populated\">\n\t\t\t\t\t\t<div class=\"elementor-element elementor-element-5294c31 elementor-widget elementor-widget-spacer\" data-id=\"5294c31\" data-element_type=\"widget\" data-widget_type=\"spacer.default\">\n\t\t\t\t<div class=\"elementor-widget-container\">\n\t\t\t\t\t\t\t<div class=\"elementor-spacer\">\n\t\t\t<div class=\"elementor-spacer-inner\"><\/div>\n\t\t<\/div>\n\t\t\t\t\t\t<\/div>\n\t\t\t\t<\/div>\n\t\t\t\t\t<\/div>\n\t\t<\/div>\n\t\t\t\t\t<\/div>\n\t\t<\/section>\n\t\t\t\t<\/div>\n\t\t","protected":false},"excerpt":{"rendered":"<p>Sz\u00e1ll\u00e1sfoglal\u00e1s M\u00e9g nem d\u00f6nt\u00f6tt\u00e9l? N\u00e9zd meg lakoszt\u00e1lyainkat! Ha k\u00e9rd\u00e9sed van, keress minket: Email: info@villaporcelaine.com +36 30 454 9308 A Villa c\u00edme Villa Porcelaine Erzs\u00e9bet kir\u00e1lyn\u00e9 \u00fatja 38. Keszthely 8360 Facebook Instagram \u00dczenetk\u00fcld\u00e9s<\/p>\n","protected":false},"author":1,"featured_media":0,"parent":0,"menu_order":0,"comment_status":"closed","ping_status":"closed","template":"template-wide-content.php","meta":{"_monsterinsights_skip_tracking":false,"_monsterinsights_sitenote_active":false,"_monsterinsights_sitenote_note":"","_monsterinsights_sitenote_category":0,"cozystay_single_page_hide_site_header":"","cozystay_single_page_site_header_source":"","cozystay_single_page_custom_site_header":"","cozystay_single_page_custom_sticky_site_header":"","cozystay_single_page_hide_page_title":"on","cozystay_single_page_header_section_size":"","cozystay_single_page_header_background_color":"","cozystay_single_page_header_background_position_x":"center","cozystay_single_page_header_background_position_y":"center","cozystay_single_page_header_background_size":"cover","cozystay_single_page_header_background_repeat":"off","cozystay_single_page_header_background_scroll":"on","cozystay_single_page_header_text_color":"","cozystay_single_page_header_show_breadcrumb":"","cozystay_single_page_site_footer_hide_main":"","cozystay_single_custom_site_footer_main_source":"custom","cozystay_single_custom_site_footer_main":"2098","cozystay_single_page_site_footer_hide_above":"","cozystay_single_custom_site_footer_above_source":"","cozystay_single_custom_site_footer_above":"","cozystay_single_page_site_footer_hide_instagram":"","cozystay_single_page_site_footer_hide_bottom":"","cozystay_single_custom_mobile_menu_source":"","cozystay_single_custom_mobile_menu":"","cozystay_single_custom_mobile_menu_animation":"","cozystay_single_custom_mobile_menu_width":"","cozystay_single_custom_mobile_menu_custom_width":375,"footnotes":""},"class_list":["post-5265","page","type-page","status-publish","hentry"],"yoast_head":"<!-- This site is optimized with the Yoast SEO plugin v24.5 - https:\/\/yoast.com\/wordpress\/plugins\/seo\/ -->\n<title>Kapcsolat - Villa Porcelaine - Balatoni sz\u00e1ll\u00e1s<\/title>\n<meta name=\"description\" content=\"Foglalj sz\u00e1ll\u00e1st k\u00e9t hatf\u0151s lakoszt\u00e1lyunk egyik\u00e9be bar\u00e1taiddal vagy csal\u00e1doddal Keszthely villanegyed\u00e9ben, 5 percre a Balatont\u00f3l.\" \/>\n<meta name=\"robots\" content=\"index, follow, max-snippet:-1, max-image-preview:large, max-video-preview:-1\" \/>\n<link rel=\"canonical\" href=\"https:\/\/villaporcelaine.com\/?page_id=5265\" \/>\n<meta property=\"og:locale\" content=\"hu_HU\" \/>\n<meta property=\"og:type\" content=\"article\" \/>\n<meta property=\"og:title\" content=\"Kapcsolat - Villa Porcelaine - Balatoni sz\u00e1ll\u00e1s\" \/>\n<meta property=\"og:description\" content=\"Foglalj sz\u00e1ll\u00e1st k\u00e9t hatf\u0151s lakoszt\u00e1lyunk egyik\u00e9be bar\u00e1taiddal vagy csal\u00e1doddal Keszthely villanegyed\u00e9ben, 5 percre a Balatont\u00f3l.\" \/>\n<meta property=\"og:url\" content=\"https:\/\/villaporcelaine.com\/?page_id=5265\" \/>\n<meta property=\"og:site_name\" content=\"Villa Porcelaine\" \/>\n<meta property=\"article:modified_time\" content=\"2025-03-20T12:45:38+00:00\" \/>\n<meta name=\"twitter:card\" content=\"summary_large_image\" \/>\n<meta name=\"twitter:label1\" content=\"Becs\u00fclt olvas\u00e1si id\u0151\" \/>\n\t<meta name=\"twitter:data1\" content=\"1 perc\" \/>\n<script type=\"application\/ld+json\" class=\"yoast-schema-graph\">{\"@context\":\"https:\/\/schema.org\",\"@graph\":[{\"@type\":\"WebPage\",\"@id\":\"https:\/\/villaporcelaine.com\/?page_id=5265\",\"url\":\"https:\/\/villaporcelaine.com\/?page_id=5265\",\"name\":\"Kapcsolat - Villa Porcelaine - Balatoni sz\u00e1ll\u00e1s\",\"isPartOf\":{\"@id\":\"https:\/\/villaporcelaine.com\/#website\"},\"datePublished\":\"2024-10-30T10:13:09+00:00\",\"dateModified\":\"2025-03-20T12:45:38+00:00\",\"description\":\"Foglalj sz\u00e1ll\u00e1st k\u00e9t hatf\u0151s lakoszt\u00e1lyunk egyik\u00e9be bar\u00e1taiddal vagy csal\u00e1doddal Keszthely villanegyed\u00e9ben, 5 percre a Balatont\u00f3l.\",\"breadcrumb\":{\"@id\":\"https:\/\/villaporcelaine.com\/?page_id=5265#breadcrumb\"},\"inLanguage\":\"hu\",\"potentialAction\":[{\"@type\":\"ReadAction\",\"target\":[\"https:\/\/villaporcelaine.com\/?page_id=5265\"]}]},{\"@type\":\"BreadcrumbList\",\"@id\":\"https:\/\/villaporcelaine.com\/?page_id=5265#breadcrumb\",\"itemListElement\":[{\"@type\":\"ListItem\",\"position\":1,\"name\":\"Home\",\"item\":\"https:\/\/villaporcelaine.com\/\"},{\"@type\":\"ListItem\",\"position\":2,\"name\":\"Kapcsolat\"}]},{\"@type\":\"WebSite\",\"@id\":\"https:\/\/villaporcelaine.com\/#website\",\"url\":\"https:\/\/villaporcelaine.com\/\",\"name\":\"Villa Porcelaine\",\"description\":\"Sz\u00edvhez sz\u00f3l\u00f3an elb\u0171v\u00f6l\u0151 Villa Keszthelyen\",\"publisher\":{\"@id\":\"https:\/\/villaporcelaine.com\/#organization\"},\"potentialAction\":[{\"@type\":\"SearchAction\",\"target\":{\"@type\":\"EntryPoint\",\"urlTemplate\":\"https:\/\/villaporcelaine.com\/?s={search_term_string}\"},\"query-input\":{\"@type\":\"PropertyValueSpecification\",\"valueRequired\":true,\"valueName\":\"search_term_string\"}}],\"inLanguage\":\"hu\"},{\"@type\":\"Organization\",\"@id\":\"https:\/\/villaporcelaine.com\/#organization\",\"name\":\"Villa Porcelaine\",\"url\":\"https:\/\/villaporcelaine.com\/\",\"logo\":{\"@type\":\"ImageObject\",\"inLanguage\":\"hu\",\"@id\":\"https:\/\/villaporcelaine.com\/#\/schema\/logo\/image\/\",\"url\":\"https:\/\/villaporcelaine.com\/wp-content\/uploads\/2023\/12\/VillalogoWhite.svg\",\"contentUrl\":\"https:\/\/villaporcelaine.com\/wp-content\/uploads\/2023\/12\/VillalogoWhite.svg\",\"width\":202,\"height\":52,\"caption\":\"Villa Porcelaine\"},\"image\":{\"@id\":\"https:\/\/villaporcelaine.com\/#\/schema\/logo\/image\/\"}}]}<\/script>\n<!-- \/ Yoast SEO plugin. -->","yoast_head_json":{"title":"Kapcsolat - Villa Porcelaine - Balatoni sz\u00e1ll\u00e1s","description":"Foglalj sz\u00e1ll\u00e1st k\u00e9t hatf\u0151s lakoszt\u00e1lyunk egyik\u00e9be bar\u00e1taiddal vagy csal\u00e1doddal Keszthely villanegyed\u00e9ben, 5 percre a Balatont\u00f3l.","robots":{"index":"index","follow":"follow","max-snippet":"max-snippet:-1","max-image-preview":"max-image-preview:large","max-video-preview":"max-video-preview:-1"},"canonical":"https:\/\/villaporcelaine.com\/?page_id=5265","og_locale":"hu_HU","og_type":"article","og_title":"Kapcsolat - Villa Porcelaine - Balatoni sz\u00e1ll\u00e1s","og_description":"Foglalj sz\u00e1ll\u00e1st k\u00e9t hatf\u0151s lakoszt\u00e1lyunk egyik\u00e9be bar\u00e1taiddal vagy csal\u00e1doddal Keszthely villanegyed\u00e9ben, 5 percre a Balatont\u00f3l.","og_url":"https:\/\/villaporcelaine.com\/?page_id=5265","og_site_name":"Villa Porcelaine","article_modified_time":"2025-03-20T12:45:38+00:00","twitter_card":"summary_large_image","twitter_misc":{"Becs\u00fclt olvas\u00e1si id\u0151":"1 perc"},"schema":{"@context":"https:\/\/schema.org","@graph":[{"@type":"WebPage","@id":"https:\/\/villaporcelaine.com\/?page_id=5265","url":"https:\/\/villaporcelaine.com\/?page_id=5265","name":"Kapcsolat - Villa Porcelaine - Balatoni sz\u00e1ll\u00e1s","isPartOf":{"@id":"https:\/\/villaporcelaine.com\/#website"},"datePublished":"2024-10-30T10:13:09+00:00","dateModified":"2025-03-20T12:45:38+00:00","description":"Foglalj sz\u00e1ll\u00e1st k\u00e9t hatf\u0151s lakoszt\u00e1lyunk egyik\u00e9be bar\u00e1taiddal vagy csal\u00e1doddal Keszthely villanegyed\u00e9ben, 5 percre a Balatont\u00f3l.","breadcrumb":{"@id":"https:\/\/villaporcelaine.com\/?page_id=5265#breadcrumb"},"inLanguage":"hu","potentialAction":[{"@type":"ReadAction","target":["https:\/\/villaporcelaine.com\/?page_id=5265"]}]},{"@type":"BreadcrumbList","@id":"https:\/\/villaporcelaine.com\/?page_id=5265#breadcrumb","itemListElement":[{"@type":"ListItem","position":1,"name":"Home","item":"https:\/\/villaporcelaine.com\/"},{"@type":"ListItem","position":2,"name":"Kapcsolat"}]},{"@type":"WebSite","@id":"https:\/\/villaporcelaine.com\/#website","url":"https:\/\/villaporcelaine.com\/","name":"Villa Porcelaine","description":"Sz\u00edvhez sz\u00f3l\u00f3an elb\u0171v\u00f6l\u0151 Villa Keszthelyen","publisher":{"@id":"https:\/\/villaporcelaine.com\/#organization"},"potentialAction":[{"@type":"SearchAction","target":{"@type":"EntryPoint","urlTemplate":"https:\/\/villaporcelaine.com\/?s={search_term_string}"},"query-input":{"@type":"PropertyValueSpecification","valueRequired":true,"valueName":"search_term_string"}}],"inLanguage":"hu"},{"@type":"Organization","@id":"https:\/\/villaporcelaine.com\/#organization","name":"Villa Porcelaine","url":"https:\/\/villaporcelaine.com\/","logo":{"@type":"ImageObject","inLanguage":"hu","@id":"https:\/\/villaporcelaine.com\/#\/schema\/logo\/image\/","url":"https:\/\/villaporcelaine.com\/wp-content\/uploads\/2023\/12\/VillalogoWhite.svg","contentUrl":"https:\/\/villaporcelaine.com\/wp-content\/uploads\/2023\/12\/VillalogoWhite.svg","width":202,"height":52,"caption":"Villa Porcelaine"},"image":{"@id":"https:\/\/villaporcelaine.com\/#\/schema\/logo\/image\/"}}]}},"jetpack_sharing_enabled":true,"_links":{"self":[{"href":"https:\/\/villaporcelaine.com\/index.php?rest_route=\/wp\/v2\/pages\/5265","targetHints":{"allow":["GET"]}}],"collection":[{"href":"https:\/\/villaporcelaine.com\/index.php?rest_route=\/wp\/v2\/pages"}],"about":[{"href":"https:\/\/villaporcelaine.com\/index.php?rest_route=\/wp\/v2\/types\/page"}],"author":[{"embeddable":true,"href":"https:\/\/villaporcelaine.com\/index.php?rest_route=\/wp\/v2\/users\/1"}],"replies":[{"embeddable":true,"href":"https:\/\/villaporcelaine.com\/index.php?rest_route=%2Fwp%2Fv2%2Fcomments&post=5265"}],"version-history":[{"count":22,"href":"https:\/\/villaporcelaine.com\/index.php?rest_route=\/wp\/v2\/pages\/5265\/revisions"}],"predecessor-version":[{"id":5802,"href":"https:\/\/villaporcelaine.com\/index.php?rest_route=\/wp\/v2\/pages\/5265\/revisions\/5802"}],"wp:attachment":[{"href":"https:\/\/villaporcelaine.com\/index.php?rest_route=%2Fwp%2Fv2%2Fmedia&parent=5265"}],"curies":[{"name":"wp","href":"https:\/\/api.w.org\/{rel}","templated":true}]}}